h be j(-3). Is 190/h + 2/(-3) a composite number?
False
Suppose 8*n - 14*n = -2892. Is n composite?
True
Is -302*5/(-6) - (-2)/(-3) composite?
False
Let a = -4 + 7. Suppose a*q = -188 + 1043. Suppose -3*u + 117 = 3*m, -4*u - 91 + q = 5*m. Is m composite?
True
Is ((-4)/(-6))/(12/4302) a composite number?
False
Let o = -3016 - -6659. Is o a prime number?
True
Is 14/(-21) - 479/(-3) a composite number?
True
Let t be 9/(-3) - 118/(-2). Let a = t - -129. Is a a composite number?
True
Let m = 70 + -43. Suppose -3*h - 3 = 3*d - m, 5*h = 4*d - 5. Suppose 8 + 7 = v + d*s, 2*v = 2*s + 54. Is v composite?
True
Suppose 4 = -5*j - 6. Let s = 5 + j. Suppose -2*b = -h - 25, -s*b + 45 = -0*h + h. Is b a prime number?
False
Suppose -127*q = -126*q - 1163. Is q composite?
False
Suppose 3*d + 8 = 7*d. Suppose 3*w + d*x - 239 = 0, -5*w - 28 = -4*x - 397. Is w a prime number?
False
Let j(y) = y**2 + 8*y + 10. Let o(b) = b**2 + 7*b + 11. Let i(q) = 3*j(q) - 2*o(q). Is i(9) composite?
False
Let y be (-2)/9 - (-338)/(-18). Let u = 2 - y. Is u composite?
True
Suppose 3*w - 3*t + 7*t - 15 = 0, w - 5 = 3*t. Suppose -g - 5*a - 10 = 0, w*g - 5*a - 3 = 7. Suppose g = -0*z + z - 33. Is z prime?
False
Suppose t = -3*t + a + 25, 0 = 2*a + 10. Suppose 3*v - 264 = 5*s, -306 = -4*v + t*s + 41. Is v prime?
True
Suppose 0 = -3*u + j + 260, -2*u = -u - 4*j - 83. Let k = u + 164. Is k a prime number?
True
Let q(b) = b**2 + b - 2. Let h be q(-3). Suppose h*n - 72 - 12 = 0. Is n a prime number?
False
Let h(p) be the third derivative of 11*p**6/120 - p**4/24 + 4*p**2. Is h(1) prime?
False
Suppose 7 + 8 = 3*w. Let o = 4 - 1. Suppose -o*m - 67 = -w*m + t, 5*m + t = 150. Is m prime?
True
Suppose 5*n + 2*u - 14 = 0, 4*n - 7*n + 8 = u. Let g(y) = y + 126 + 72 - y**n + 137. Is g(0) prime?
False
Let l = -2 - -1. Let v(t) = -119*t. Is v(l) prime?
False
Suppose 4*i + 5*h - 548 = 0, -4*i + 2*h = -93 - 483. Is i prime?
False
Let t = 530 + -61. Is t composite?
True
Let l(n) = -n**2 - 5*n + 4. Let o be l(-6). Suppose 4 = -4*c, -4 + 5 = d - 3*c. Is ((-1)/o)/(d/(-76)) composite?
False
Let m = -201 - -68. Let w = 276 + m. Is w composite?
True
Let t(o) = 174*o - 1. Let d be t(-5). Is d/(-9) - (-2)/9 prime?
True
Let j = 26 + 257. Let z = -777 + j. Let r = -345 - z. Is r a prime number?
True
Suppose -3*l + 10 = 5*b, -4*l - 4*b = -8 - 0. Suppose l = -r - r. Is 1*(2 - r) + 77 prime?
True
Suppose -5*l = -3*c + 202 + 603, -2*c + l + 532 = 0. Is c a prime number?
False
Suppose 3*y = -q - 26, -2*y - 36 = -0*q + 2*q. Let b be (-4)/q + 1382/14. Suppose -m - b = -4*m. Is m a prime number?
False
Let f be (-117)/(-13)*802/6. Suppose 5*x + 388 - f = 0. Is x prime?
True
Let r = 3 - 2. Let l be (12/9)/(r/3). Suppose -2*i + 16 = -5*d - 5, 15 = i - l*d. Is i a composite number?
False
Let n be 54/(-5)*-13*5. Suppose 645 = 3*q - n. Is q composite?
False
Let w(h) = h**3 + 3*h**2 - 1. Let q be w(-2). Suppose 3*r = q*u + 2*r - 606, 0 = 5*u - r - 1012. Is u a prime number?
False
Let t(a) = -a - a - 4 + 3*a. Let w be t(6). Suppose s - w*d + 7*d - 5 = 0, 0 = 2*s + 2*d - 26. Is s a composite number?
True
Let d = -6 - -8. Let b = -7 + d. Is (-20)/8*28/b prime?
False
Let z = 517 - -309. Let d = z - 434. Suppose -4*o + d = 3*a - a, -4*a = -5*o + 477. Is o composite?
False
Suppose -2*n + 7 = -3. Suppose -n*u + 3*u + 1502 = 0. Is u a prime number?
True
Suppose 7*k - 9695 = 2*k. Is k composite?
True
Let k = 7 + -1. Suppose -k*c - 100 = -c. Is (-2)/5 - 668/c a prime number?
False
Let b(g) = 12*g - 3. Is b(8) a prime number?
False
Let l(y) = -y**3 - 3*y**2 + 5*y - 3. Let m be l(-5). Is m*1*2/4 composite?
False
Let s(v) = 23*v - 3. Let a(m) = -m + 1. Let f be a(-1). Is s(f) a prime number?
True
Let f(x) = 0*x + 0*x + 4*x**3 - x**2 - x. Let i be f(-1). Is (-35)/(-2)*i/(-5) prime?
False
Suppose 0 = 2*v - v - 3. Let w be (-3 + 3)/(-4) + 4. Suppose -b = -w*d - 37, -3*b + v*d + 101 = d. Is b a prime number?
False
Suppose 3*p - p + 2 = -4*z, 2*p + 10 = 0. Suppose 0 = c + z*c - 669. Is c a composite number?
False
Suppose -o - 4*y + 729 = y, 0 = 5*o - 3*y - 3757. Is o prime?
False
Let a be (4/12)/(2/12). Suppose a*d = -h + 54, 4*h - 256 = d + d. Is h prime?
False
Suppose 34 = -4*v + h + 119, -5*v = h - 95. Is ((-16)/v)/(2/(-185)) a prime number?
False
Let p = 62 + -13. Suppose -p = -2*h - 3. Let b = h - 12. Is b a composite number?
False
Suppose 2*j - 191 = j. Is j prime?
True
Suppose 0 = -10*a + 17165 + 6165. Is a a composite number?
False
Suppose 6639 = -0*a + 3*a. Is a a prime number?
True
Let q(z) = -21*z**2 - z. Let y be -3*(-2)/6*-1. Let v be q(y). Is 1/(0 + (-2)/v) composite?
True
Suppose 4*d - 142 = 874. Is d composite?
True
Suppose -4*f - 20 = 2*n, 0 = 4*f + f + 25. Suppose 0 = -4*d, n = j - 0*j - 3*d - 3. Suppose -o = -4*m + 2*m + 104, 5*m = -j*o + 271. Is m prime?
True
Suppose 5*z - f - 12 = 2*f, -5*z - 4 = f. Let w = 13 - 9. Suppose l - w*l + 45 = z. Is l a prime number?
False
Suppose 5*t - t = -3*i + 19, -5*i = -2*t + 3. Let z(l) = -6*l**2 + 4. Let v(a) = -13*a**2 - a + 9. Let r(o) = 3*v(o) - 7*z(o). Is r(t) composite?
True
Let r(t) = t**2 + 4*t + 3. Let x be r(-4). Let i(f) = 3*f**3 - 12*f**2 + 2*f - f**3 + 4 + 9*f**2. Is i(x) a composite number?
False
Let m = -672 + 979. Is m composite?
False
Is 1 + (-59463)/(-21) + (-9)/(-21) prime?
True
Let b = 1 + 1. Suppose -b*x = 2*x - 8. Suppose x*j + 6 = 0, -q - 3*q - 5*j = -9. Is q a composite number?
True
Let i = 78 - -125. Is i a composite number?
True
Let t(y) = 309*y**2 - y - 1. Is t(1) composite?
False
Let s(u) = 62*u + 5. Is s(1) composite?
False
Let w(r) = 255*r + 6. Let k be w(5). Suppose -4*m + 5*n = -509 - k, 3*n - 439 = -m. Is m a composite number?
True
Let a = 31 - 18. Suppose -3*x + a - 1 = 0. Suppose 0 = 5*v - x*j - 195, 3*j + j = -20. Is v a composite number?
True
Let f(l) = -34*l + 1. Let i be f(-2). Suppose -175 = 8*o - 3*o. Let b = o + i. Is b prime?
False
Let v = -881 - -1360. Is v a composite number?
False
Let s be (10/(-15))/(4/30). Let v(a) = -a**3 - a**2 + a + 2. Is v(s) a composite number?
False
Let o(z) be the first derivative of 4*z**3/3 + 2*z**2 - 7*z + 4. Is o(5) a composite number?
False
Suppose -w = -5*l + 8, 0*l - 3*w = -l + 10. Let b = 1 - l. Suppose -2*g - a + 0*a + 42 = b, 0 = a. Is g a prime number?
False
Let o be 1/((-3)/(-3))*0. Let f = o + 4. Is f composite?
True
Let j(h) = -2 + 57*h + 2 - 10*h + 3. Is j(4) composite?
False
Suppose 0*a - 5*a = 0. Suppose 2*z = -a*z + 6. Suppose -z*d + 440 = 5*s, -2*s + 69 + 76 = -5*d. Is s a prime number?
False
Let c(k) = k**3 + 3*k**2 - 4*k + 5. Is c(5) prime?
False
Suppose -5*n + 5668 = -z, 3*n - 2*z = z + 3408. Is n a composite number?
True
Let b be -1*1*(-18 - -8). Suppose l + 1 = b. Suppose -3*s + l = 0, 78 = -a - 3*s + 226. Is a composite?
False
Let g(h) = h**3 + 5*h**2 + 5*h + 6. Let k be g(-4). Suppose -3*m + 77 = 2*t - 6*t, k*t - 56 = -2*m. Suppose 0 = -5*b + 28 + m. Is b prime?
True
Suppose -5*i + 10*i = 25, -2088 = -4*q - 4*i. Is q a composite number?
True
Suppose 4 = 4*q - 2*q. Suppose 2*d - l = 169 + 513, q*l = 0. Is d a prime number?
False
Suppose n - 4 - 3 = -2*c, c = 2*n - 9. Let t be 0 + c + (-1 - -4). Suppose 0 = -l - t*l + 110. Is l a composite number?
True
Suppose -15011 = -11*j + 8892. Is j composite?
True
Suppose 4*d + 181 = 3*g + 6*d, -5*d = -10. Is g a prime number?
True
Let d(v) = -44*v - 15. Is d(-13) a prime number?
True
Suppose 0 = -5*v + 2*v - 1839. Let t = v - -1112. Is t composite?
False
Is 22/((-3)/(1434/(-4))) prime?
False
Let q = 74 - 34. Suppose 0 = 4*v - z - q, -v + 9*z = 4*z - 10. Is v a prime number?
False
Let w be 212/18 + 2/9. Suppose 0 = -q + 2*q - w. Suppose j = -2*j + q. Is j a prime number?
False
Let j be -2*1/4*2. Let s(d) = -17*d**3 - 2*d**2 + 1. Let c be s(j). Suppose c = v - 4*x - 38, -3*x + 178 = 4*v. Is v a composite number?
True
Let n(d) = d**2 + d + 1. Let s(g) = 6*g**2 + 3*g + 1. Let y(z) = -3*n(z) + s(z). Is y(2) a composite number?
True
Let l = -343 + 722. Is l a prime number?
True
Is (190/8 - 0)*4 prime?
False
Let d be 114/9 - (-8)/(-12). Suppose -b + d = b. Is (-2 + b/(-8))*-4 a composite number?
False
Let l(v) = 52*v**2 - 3*v - 5. Let o be l(4). Suppose 7*m = 2*m + o. Is m composite?
False
Let f(l) = -17*l**2 + l + 4. Let d be f(3). Let g = d - -381. Is g c